f 47581?
7
What is the units digit of 4679?
9
What is the ten thousands digit of 16087?
1
What is the ten thousands digit of 16226?
1
What is the units digit of 17439?
9
What is the tens digit of 83319?
1
What is the ten thousands digit of 159488?
5
What is the ten thousands digit of 17109?
1
What is the units digit of 316?
6
What is the tens digit of 45762?
6
What is the tens digit of 610?
1
What is the thousands digit of 1095?
1
What is the hundreds digit of 1166?
1
What is the tens digit of 4285?
8
What is the hundreds digit of 521?
5
What is the units digit of 4776?
6
What is the tens digit of 11850?
5
What is the tens digit of 71?
7
What is the tens digit of 1678?
7
What is the units digit of 3217?
7
What is the tens digit of 6357?
5
What is the tens digit of 866?
6
What is the hundred thousands digit of 104273?
1
What is the units digit of 93413?
3
What is the thousands digit of 35666?
5
What is the units digit of 3178?
8
What is the hundreds digit of 151779?
7
What is the tens digit of 5161?
6
What is the tens digit of 30050?
5
What is the units digit of 2011?
1
What is the ten thousands digit of 88356?
8
What is the tens digit of 559?
5
What is the ten thousands digit of 12514?
1
What is the units digit of 2012?
2
What is the tens digit of 308?
0
What is the units digit of 28712?
2
What is the units digit of 21929?
9
What is the thousands digit of 4268?
4
What is the hundreds digit of 6342?
3
What is the tens digit of 3879?
7
What is the tens digit of 2986?
8
What is the ten thousands digit of 28231?
2
What is the hundreds digit of 95678?
6
What is the thousands digit of 2238?
2
What is the tens digit of 68052?
5
What is the tens digit of 541?
4
What is the thousands digit of 4088?
4
What is the units digit of 3059?
9
What is the thousands digit of 1390?
1
What is the hundreds digit of 22417?
4
What is the tens digit of 7171?
7
What is the units digit of 16592?
2
What is the thousands digit of 1480?
1
What is the units digit of 348?
8
What is the hundreds digit of 7509?
5
What is the hundreds digit of 6788?
7
What is the tens digit of 7819?
1
What is the hundreds digit of 68609?
6
What is the hundreds digit of 146382?
3
What is the hundreds digit of 53325?
3
What is the thousands digit of 4283?
4
What is the ten thousands digit of 163525?
6
What is the tens digit of 2355?
5
What is the hundreds digit of 55591?
5
What is the thousands digit of 52158?
2
What is the units digit of 211?
1
What is the units digit of 2358?
8
What is the tens digit of 901?
0
What is the units digit of 256?
6
What is the thousands digit of 23420?
3
What is the tens digit of 2041?
4
What is the units digit of 83762?
2
What is the ten thousands digit of 29130?
2
What is the hundreds digit of 5054?
0
What is the hundreds digit of 887?
8
What is the hundreds digit of 2052?
0
What is the tens digit of 1943?
4
What is the units digit of 261?
1
What is the hundreds digit of 3326?
3
What is the units digit of 878?
8
What is the hundreds digit of 2538?
5
What is the tens digit of 13782?
8
What is the tens digit of 1548?
4
What is the hundreds digit of 404?
4
What is the tens digit of 3040?
4
What is the hundreds digit of 22150?
1
What is the hundreds digit of 6269?
2
What is the thousands digit of 43666?
3
What is the tens digit of 30017?
1
What is the units digit of 2237?
7
What is the tens digit of 90848?
4
What is the tens digit of 765?
6
What is the thousands digit of 4021?
4
What is the hundreds digit of 16951?
9
What is the hundreds digit of 2915?
9
What is the hundreds digit of 2082?
0
What is the ten thousands digit of 20223?
2
What is the hundreds digit of 1702?
7
What is the hundreds digit of 1491?
4
What is the units digit of 1435?
5
What is the units digit of 46353?
3
What is the hundreds digit of 2855?
8
What is the hundreds digit of 48931?
9
What is the tens digit of 5285?
8
What is the hundreds digit of 1186?
1
What is the hundreds digit of 55928?
9
What is the units digit of 1349?
9
What is the tens digit of 678?
7
What is the ten thousands digit of 54139?
5
What is the thousands digit of 4447?
4
What is the hundreds digit of 1342?
3
What is the tens digit of 72817?
1
What is the hundreds digit of 595?
5
What is the units digit of 1909?
9
What is the tens digit of 480?
8
What is the tens digit of 42?
4
What is the hundreds digit of 11046?
0
What is the tens digit of 2142?
4
What is the units digit of 4193?
3
What is the units digit of 413?
3
What is the ten thousands digit of 44600?
4
What is the tens digit of 2147?
4
What is the tens digit of 352?
5
What is the hundreds digit of 6337?
3
What is the thousands digit of 52774?
2
What is the thousands digit of 2265?
2
What is the hundreds digit of 37739?
7
What is the thousands digit of 1446?
1
What is the units digit of 17766?
6
What is the units digit of 597?
7
What is the hundreds digit of 697?
6
What is the thousands digit of 27510?
7
What is the units digit of 3859?
9
What is the thousands digit of 2765?
2
What is the thousands digit of 1352?
1
What is the ten thousands digit of 153958?
5
What is the units digit of 31831?
1
What is the units digit of 244?
4
What is the units digit of 119985?
5
What is the hundreds digit of 48001?
0
What is the ten thousands digit of 14959?
1
What is the tens digit of 35922?
2
What is the tens digit of 17173?
7
What is the tens digit of 245?
4
What is the hundreds digit of 13827?
8
What is the ten thousands digit of 20822?
2
What is the units digit of 630?
0
What is the hundreds digit of 20532?
5
What is the tens digit of 33381?
8
What is the tens digit of 1044?
4
What is the units digit of 22596?
6
What is the tens digit of 123484?
8
What is the hundreds digit of 1708?
7
What is the tens digit of 4585?
8
What is the tens digit of 333?
3
What is the hundreds digit of 916?
9
What is the units digit of 146709?
9
What is the ten thousands digit of 21144?
2
What is the ten thousands digit of 24711?
2
What is the tens digit of 73818?
1
What is the ten thousands digit of 35469?
3
What is the tens digit of 7214?
1
What is the tens digit of 9875?
7
What is the units digit of 1972?
2
What is the units digit of 869?
9
What is the ten thousands digit of 68313?
6
What is the ten thousands digit of 52091?
5
What is the units digit of 3412?
2
What is the units digit of 102?
2
What is the tens digit of 41123?
2
What is the hundreds digit of 12562?
5
What is the thousands digit of 18390?
8
What is the tens digit of 117?
1
What is the hundreds digit of 41477?
4
What is the units digit of 2574?
4
What is the units digit of 2286?
6
What is the hundreds digit of 668?
6
What is the units digit of 8892?
2
What is the tens digit of 12698?
9
What is the thousands digit of 3011?
3
What is the thousands digit of 4716?
4
What is the tens digit of 1617?
1
What is the thousands digit of 18781?
8
What is the hundreds digit of 1001?
0
What is the thousands digit of 1896?
1
What is the hundreds digit of 27906?
9
What is the thousands digit of 7785?
7
What is the thousands digit of 5080?
5
What is the units digit of 5982?
2
What is the hundreds digit of 47439?
4
What is the tens digit of 43941?
4
What is the thousands digit of 5837?
5
What is the thousands digit of 2510?
2
What is the units digit of 14171?
1
What is the tens digit of 6117?
1
What is the units digit of 1579?
9
What is the units digit of 296?
6
What is the units digit of 1260?
0
What is the tens digit of 613?
1
What is the ten thousands digit of 24178?
2
What is the tens digit of 3396?
9
What is the thousands digit of 12219?
2
What is the units digit of 73453?
3
What is the tens digit of 15882?
8
What is the units digit of 5955?
5
What is the hundreds digit of 6519?
5
What is the units digit of 1857?
7
What is the tens digit of 116102?
0
What is the thousands digit of 1115?
1
What is the units digit of 4629?
9
What is the tens digit of 530?
3
What is the tens digit of 1538?
3
What is the thousands digit of 6183?
6
What is the thousands digit of 5801?
5
What is the thousands digit of 38082?
8
What is the tens digit of 16039?
3
What is the ten thousands digit of 17863?
1
What is the hundreds digit of 25136?
1
What is the tens digit of 1277?
7
What is the hundreds digit of 64604?
6
What is the units digit of 369?
9
What is the thousan